 Let g = f + 8. What is the units digit of g?
3
Suppose 105 = 2*j + 3*j. Let c = 45 - j. What is the tens digit of c?
2
Let z(f) = -f**2 + 13*f - 1. Let i be z(4). What is the units digit of (-6)/(-8)*(i + 1)?
7
Let k be (-27)/(-21) + 2/(-7). Let w = k - 2. What is the units digit of -5 - -4 - (-7 + w)?
7
Let f = -10 + -11. Let x = f + 38. What is the units digit of x?
7
Suppose 7*j - 12*j = -240. What is the tens digit of j?
4
Let i(v) = -2*v + 13. What is the tens digit of i(-9)?
3
Let v = 7 + 5. What is the tens digit of -1 + 19 + 24/v?
2
Let b(m) = m**2 + 6*m + 4. Let h be b(-5). Let c be (h - 0) + (0 - 4). What is the units digit of c*((-3)/5)/1?
3
Let q = -26 - -94. What is the tens digit of q?
6
Let z = 2 - 3. Let a be z/(1 - (-10)/(-8)). Suppose 0 = -h - a*f - 9, 2*f = -h + 1 - 2. What is the units digit of h?
7
Suppose 82 = 4*b - 2*b. What is the units digit of b?
1
Let f(a) = 4*a**2 - 2*a - 3. What is the units digit of f(-2)?
7
Let y be 101/9 + 2/(-9). Let m = -7 + y. Suppose -5*f + 4*f = m*n - 17, 5*f + 4*n - 37 = 0. What is the units digit of f?
5
Suppose -2*b = 4*q - 266, q - 49 = b + 2*b. What is the units digit of q?
4
Suppose 0 = -5*y + 6*y - 53. What is the units digit of y?
3
Let s(z) = 2*z**2 - 12*z - 17. What is the hundreds digit of s(12)?
1
Suppose q - 93 = -3*o + 46, 4*q - 133 = -3*o. What is the units digit of o?
7
Suppose 4*b = -l + 280, 3*b - 5*l = -0*b + 210. What is the tens digit of b?
7
Let w be (0 - 5)/(1/(-2)). Let r(o) = 6 + 7*o + o**3 + 0*o**3 + w*o**2 - 18. What is the units digit of r(-9)?
6
Let b = -5 + 8. Suppose -5*g = 2*s - 158, -2*g + 10 = b*g. Suppose 5*c + 24 = s. What is the tens digit of c?
1
Let m be 4/(0 + -2) - -22. Suppose 0 = k + 1 - m. What is the units digit of k?
9
Let k = 9 + -4. Suppose 2*w + w - 4 = 2*a, 0 = k*a - 3*w + 10. Let f = a - -5. What is the units digit of f?
3
Let s(n) = n**3 + 7*n**2 + 3. Let d be s(-5). Suppose 10 + d = 3*i. What is the tens digit of i?
2
Let o(j) = -5*j + 29. What is the units digit of o(-9)?
4
What is the units digit of (-435)/(-33) - (-8)/(-44)?
3
Let k be 1*(-2 - 0 - -9). Suppose 0*v = -4*v + 2*g - 4, 0 = -4*g + 8. Let z = v + k. What is the units digit of z?
7
Suppose -4*k + 66 = -78. What is the units digit of k?
6
Let q = -231 + 445. What is the hundreds digit of q?
2
Suppose 0 = 6*t - 3*t - 102. What is the tens digit of t?
3
Suppose -2*d - 2*d = -u - 1290, 0 = -d + 4*u + 315. What is the units digit of d?
3
Let v(m) = 2*m**2 + 4*m - 5. Let j(g) = 1 + 2*g - 5*g - 2*g. Let q be j(1). What is the tens digit of v(q)?
1
Suppose -h = 4 + 6. What is the units digit of (12/10)/((-2)/h)?
6
Let z = 0 - -2. Suppose -z*u + 18 = u. What is the units digit of u?
6
Suppose 3*p = 2*p - 29. What is the tens digit of p/((-4)/(-4) - 2)?
2
Suppose 3*t - 11 = 2*x - 4, -5*t - 4*x = -41. Let f = t + -1. Suppose k = -k + f. What is the units digit of k?
2
Let i = -111 - -334. What is the units digit of i?
3
What is the units digit of ((-4)/6)/((-1)/3)?
2
Let z be 6/(3/(-6)*-2). What is the tens digit of (z/7)/((-1)/(-14))?
1
Suppose -4*s = 4*m - 11 - 5, 16 = 5*m + s. Let v be 3/((-1)/(-16)*3). Suppose 4*d + 23 - 62 = -m*t, -d + v = 2*t. What is the units digit of d?
6
Let s(f) = f**3 - f + 4. Let x be s(0). Let n be x/(-14) + (-60)/(-14). What is the units digit of (n/(-6))/(2/(-21))?
7
Let k = -1 + -5. What is the units digit of 4/6 - 8/k?
2
Let g(y) = -11*y. Let d be g(-3). Suppose -2*s + d = s. What is the units digit of s?
1
Let p be (2 + 2)/(-2)*-2. Let y(h) = 4 + 3*h + 2 - 4*h. What is the units digit of y(p)?
2
Let l(z) = 2*z**2 + 20*z - 7. What is the units digit of l(-12)?
1
Let k(g) = g**2 - g - 7. Let y be k(4). Suppose y*w - 177 + 49 = -4*l, -155 = -5*l - 5*w. What is the units digit of l?
7
Let z(m) = -14*m**3 - 3*m**2 - 15*m - 7. What is the units digit of z(-3)?
9
Let q be (-4)/28 + 620/28. Suppose -5*h + 2*z = 4*z - 56, -q = -2*h - z. What is the units digit of h?
2
Let z(n) = -n**2 - 8*n + 5. Suppose -h = m - 5*m + 23, -5*m = -3*h - 41. Let y be z(h). What is the units digit of (-6)/y - 17/(-2)?
8
Let k = 230 - 120. What is the tens digit of k?
1
Let q(k) = 9*k**3 - k**2. Let g be q(1). Suppose -3*p + g = p. Suppose -v - v + 6 = 0, 0 = -3*f - p*v + 12. What is the units digit of f?
2
Suppose 0*h - 44 = -4*h. Let w = 25 - h. What is the tens digit of w?
1
Let f = -4 + 13. What is the units digit of f?
9
Let b be (0 - (-1)/1)*5. Suppose -b*i = -2*w + 3, 4*i = -0*i - w - 5. Let p(u) = -u**2 - u + 1. What is the units digit of p(i)?
1
Let q = -1 + 3. What is the units digit of (-4)/(3 - (q + 2))?
4
Suppose -2*a + 2 = -6. Suppose -a*h + 72 + 112 = 0. Suppose 6*d - h = 2*d + 2*j, j = d - 9. What is the units digit of d?
4
Let i(g) = 11*g**2 + g - 1. What is the tens digit of i(1)?
1
Suppose 0*p - p - 4 = -k, 8 = 4*p + 2*k. Suppose 4*c - 48 = -5*r, 5*c - 2*r - r - 23 = p. Suppose c*x = 3*x + 28. What is the units digit of x?
7
Suppose 36 = -3*t + 6*t. Suppose j - 3*j = -t. Suppose -2*d + 10 = -j. What is the units digit of d?
8
What is the units digit of (-4)/(20/(-15)) + 111?
4
Let n = 5 + -1. Suppose 2*f = n + 16. What is the units digit of f?
0
Let w(i) = i**2 + 1. Let m be w(2). Let j(c) = 5*c**3 + 5*c**2 - 5*c + 5. Let o(x) = x**3 - x + 1. Let f(g) = j(g) - 6*o(g). What is the units digit of f(m)?
4
Suppose d - 2 - 2 = 4*o, -3*d - o - 1 = 0. Suppose d = f + 2*f - 60. Let x = -12 + f. What is the units digit of x?
8
Let y be 444/16 - (-2)/8. Suppose -22 - y = -5*i. What is the units digit of i?
0
Let g = -12 + 14. Suppose 6*o - g*o - 44 = 0. What is the units digit of o?
1
Suppose -x = 5*q + 2 - 19, -4*q = 5*x - 1. Suppose 4*d = 5*d - k - 19, 5*d + q*k = 68. Let r = d + -8. What is the units digit of r?
8
Suppose 6*o - 4*o = 2*i, -4*i - 5*o = 0. What is the units digit of 1*(-3 - i) - -22?
9
Let s(g) = -g**2 - 8*g - 7. What is the units digit of s(-3)?
8
Let d(l) = l**2 + 5*l - 5. What is the units digit of d(-7)?
9
Let j(x) = x**2 - 3*x - 2. Let g be j(4). Let m = 5 - g. Suppose -m*p - 3*b = -6 - 9, -b = -3. What is the units digit of p?
2
Let v(z) = 2*z**2 + 2*z. What is the tens digit of v(-4)?
2
Let t = -2 - -8. What is the units digit of t?
6
Suppose 2*c - 7*c + 2*n + 34 = 0, c + 5*n = 23. Suppose 0 = 4*x - 0 - c. Suppose 4*u - 14 = u + 2*f, 2*u - x*f - 10 = 0. What is the units digit of u?
4
Let g(c) = -c**2 - 18*c - 19. What is the units digit of g(-5)?
6
Let f be (3 + -8)*2/5. Let w be f/9 - (-552)/54. Suppose r = -r + w. What is the units digit of r?
5
Suppose -2*q - 16 = -3*i, 4*q + 18 = -5*i + 4*i. What is the units digit of i?
2
Let k(h) = h**2 - 2*h + 2. Let m be k(-6). Suppose -l + m = 4*l. What is the tens digit of l?
1
Suppose 0 = -4*b + r + 1085, 3*b - 879 = r - 66. What is the tens digit of b?
7
Let f = -73 - -165. What is the tens digit of f?
9
Let c be 8/14*(-56)/(-16). Suppose -x - c = 1. What is the units digit of (x - 11/(-3))*3?
2
Let n = -61 - -92. What is the tens digit of n?
3
Let o be -3 - (-3 - (2 + 2)). Suppose -o*v + 2 = 2*i - 0, 0 = -5*i - 4*v + 35. What is the tens digit of i?
1
Suppose 4*l - 8 = -0. Let x(j) = 4 + j**l + j + 10 - 2*j. What is the tens digit of x(0)?
1
Let t = -56 - -106. What is the units digit of t?
0
Let p(i) = 13*i + 2. What is the tens digit of p(3)?
4
Suppose 0 = 3*i - 2*i - 2. Suppose 3 = p - i*p, -34 = -g - 4*p. What is the units digit of g/5 - 1/5?
9
Let h be ((-4)/(-3))/(5/15). Suppose 0 = -u - h*u + 20. Suppose r - u*r + 3 = 0. What is the units digit of r?
1
Let v = 0 + 4. Suppose -2*b + v = 2*b + 2*y, 3*b - 2*y - 17 = 0. What is the units digit of b?
3
Let s(w) = -w**3 + 10*w**2 - w + 11. Let y be s(10). What is the units digit of (-1*(y - 2))/1?
1
Let y(j) be the second derivative of 0 + 3*j - 1/2*j**2 + 4/3*j**4 + 1/6*j**3. What is the units digit of y(1)?
6
Suppose 4*b - o - 122 = 0, -2*b + o + o = -58. What is the tens digit of b?
3
Suppose -3*c + c = 0. Suppose -2*v + 18 + 20 = c. What is the tens digit of v?
1
Let h = 29 + -19. Let z be 2/(2/(-1)) + -4. What is the units digit of z/2*(-36)/h?
9
Let c = -9 + 8. Let z = 1 - c. Suppose z*b - 19 = 3*s, 0*s - 20 = 4*s. What is the units digit of b?
2
Let b = 0 - -12. Let w be b - 3 - (-4 - -1). Let n = w - -1. What is the units digit of n?
3